{"id":16,"date":"2024-05-10T13:40:05","date_gmt":"2024-05-10T11:40:05","guid":{"rendered":"https:\/\/smlwchelmza.pl\/?page_id=16"},"modified":"2025-03-06T08:00:49","modified_gmt":"2025-03-06T07:00:49","slug":"o-nas","status":"publish","type":"page","link":"https:\/\/smlwchelmza.pl\/?page_id=16","title":{"rendered":"O nas"},"content":{"rendered":"\n<p class=\"has-extra-large-font-size\">O nas<\/p>\n\n\n\n<ul class=\"wp-block-list\">\n<li><a href=\"https:\/\/smlwchelmza.pl\/?page_id=497\" data-type=\"page\" data-id=\"497\">Informacje og\u00f3lne<\/a><\/li>\n\n\n\n<li><a href=\"https:\/\/smlwchelmza.pl\/?page_id=500\" data-type=\"page\" data-id=\"500\">Godziny urz\u0119dowania<\/a><\/li>\n\n\n\n<li><a href=\"https:\/\/smlwchelmza.pl\/?page_id=502\" data-type=\"page\" data-id=\"502\">Sk\u0142ad Zarz\u0105du<\/a><\/li>\n\n\n\n<li><a href=\"https:\/\/smlwchelmza.pl\/?page_id=504\" data-type=\"page\" data-id=\"504\">Sk\u0142ad Rady Nadzorczej<\/a><\/li>\n<\/ul>\n\n\n\n<p>Latem 1959 r. powsta\u0142a w&nbsp;Che\u0142m\u017cy&nbsp;<strong>Sp\u00f3\u0142dzielnia Mieszkaniowa<\/strong>, kt\u00f3r\u0105 10 pa\u017adziernika tego\u017c roku zarejestrowano w&nbsp;Zwi\u0105zku Sp\u00f3\u0142dzielni Mieszkaniowych i&nbsp;Budowlanych w&nbsp;Warszawie. Ju\u017c w&nbsp;maju 1960 r. ruszy\u0142y prace przy wznoszeniu pierwszego w&nbsp;naszym mie\u015bcie sp\u00f3\u0142dzielczego budynku mieszkalnego. Od tamtych wydarze\u0144 min\u0119\u0142o 50 lat.<br>Z okazji jubileuszu przedstawiamy wa\u017cniejsze fakty z&nbsp;dziej\u00f3w Lokatorsko &#8211; W\u0142asno\u015bciowej Sp\u00f3\u0142dzielni Mieszkaniowej w&nbsp;Che\u0142m\u017cy i&nbsp;przypominamy ludzi zwi\u0105zanych z&nbsp;ni\u0105 przez minione dziesi\u0119ciolecia, w&nbsp;czasie kt\u00f3rych oddano do&nbsp;u\u017cytku mieszka\u0144com Che\u0142m\u017cy 1114 mieszka\u0144. Jeste\u015bmy przekonani, \u017ce idea zaspokajania potrzeb mieszkaniowych przez sp\u00f3\u0142dzielcze prawo do&nbsp;lokalu mieszkaniowego by\u0142a dobrym rozwi\u0105zaniem.<\/p>\n\n\n\n<p>7 czerwca 2017 roku w&nbsp;hotelu Bulwar w&nbsp;Toruniu otrzymali\u015bmy wyr\u00f3\u017cnienie w&nbsp;kategorii &#8222;Znacz\u0105cy efekt ekologiczny&#8221; &#8211; termomodernizacja budynk\u00f3w i&nbsp;zmniejszenie emisji Co2 nagr\u00f3d Klony 2017 dla firm z&nbsp;wojew\u00f3dztwa kujawsko-pomorskiego, kt\u00f3re funkcjonuj\u0105 w&nbsp;harmonii ze \u015brodowiskiem naturalnym.<\/p>\n\n\n\n<figure class=\"wp-block-image aligncenter size-full\"><img loading=\"lazy\" decoding=\"async\" width=\"500\" height=\"280\" src=\"https:\/\/smlwchelmza.pl\/wp-content\/uploads\/2024\/05\/592_img2_20170613_152355.jpg\" alt=\"\" class=\"wp-image-246\" srcset=\"https:\/\/smlwchelmza.pl\/wp-content\/uploads\/2024\/05\/592_img2_20170613_152355.jpg 500w, https:\/\/smlwchelmza.pl\/wp-content\/uploads\/2024\/05\/592_img2_20170613_152355-300x168.jpg 300w\" sizes=\"auto, (max-width: 500px) 100vw, 500px\" \/><\/figure>\n\n\n\n<p><a href=\"https:\/\/smlwchelmza.pl\/wp-content\/uploads\/2024\/05\/50_latSMLW.1.pdf\" data-type=\"link\" data-id=\"https:\/\/smlwchelmza.pl\/wp-content\/uploads\/2024\/05\/50_latSMLW.1.pdf\" target=\"_blank\" rel=\"noreferrer noopener\">Pobierz opracowanie &#8211; 50-lecia Sp\u00f3\u0142dzielni Mieszkaniowej Lokatorsko-W\u0142asno\u015bciowej w Che\u0142m\u017cy<\/a><\/p>\n\n\n\n<p><\/p>\n","protected":false},"excerpt":{"rendered":"<p>O nas Latem 1959 r. powsta\u0142a w&nbsp;Che\u0142m\u017cy&nbsp;Sp\u00f3\u0142dzielnia Mieszkaniowa, kt\u00f3r\u0105 10 pa\u017adziernika tego\u017c roku zarejestrowano w&nbsp;Zwi\u0105zku Sp\u00f3\u0142dzielni Mieszkaniowych i&nbsp;Budowlanych w&nbsp;Warszawie. Ju\u017c w&nbsp;maju 1960 r. ruszy\u0142y prace przy wznoszeniu pierwszego w&nbsp;naszym mie\u015bcie sp\u00f3\u0142dzielczego budynku mieszkalnego. Od tamtych wydarze\u0144 min\u0119\u0142o 50 lat.Z okazji jubileuszu przedstawiamy wa\u017cniejsze fakty z&nbsp;dziej\u00f3w Lokatorsko &#8211; W\u0142asno\u015bciowej Sp\u00f3\u0142dzielni Mieszkaniowej w&nbsp;Che\u0142m\u017cy i&nbsp;przypominamy ludzi zwi\u0105zanych z&nbsp;ni\u0105 [&hellip;]<\/p>\n","protected":false},"author":1,"featured_media":0,"parent":0,"menu_order":0,"comment_status":"closed","ping_status":"closed","template":"","meta":{"footnotes":""},"class_list":["post-16","page","type-page","status-publish","hentry"],"_links":{"self":[{"href":"https:\/\/smlwchelmza.pl\/index.php?rest_route=\/wp\/v2\/pages\/16","targetHints":{"allow":["GET"]}}],"collection":[{"href":"https:\/\/smlwchelmza.pl\/index.php?rest_route=\/wp\/v2\/pages"}],"about":[{"href":"https:\/\/smlwchelmza.pl\/index.php?rest_route=\/wp\/v2\/types\/page"}],"author":[{"embeddable":true,"href":"https:\/\/smlwchelmza.pl\/index.php?rest_route=\/wp\/v2\/users\/1"}],"replies":[{"embeddable":true,"href":"https:\/\/smlwchelmza.pl\/index.php?rest_route=%2Fwp%2Fv2%2Fcomments&post=16"}],"version-history":[{"count":6,"href":"https:\/\/smlwchelmza.pl\/index.php?rest_route=\/wp\/v2\/pages\/16\/revisions"}],"predecessor-version":[{"id":769,"href":"https:\/\/smlwchelmza.pl\/index.php?rest_route=\/wp\/v2\/pages\/16\/revisions\/769"}],"wp:attachment":[{"href":"https:\/\/smlwchelmza.pl\/index.php?rest_route=%2Fwp%2Fv2%2Fmedia&parent=16"}],"curies":[{"name":"wp","href":"https:\/\/api.w.org\/{rel}","templated":true}]}}